{"id":71,"date":"2021-02-21T19:58:57","date_gmt":"2021-02-21T19:58:57","guid":{"rendered":"https:\/\/probe2.yvonnemosermettler.ch\/?page_id=71"},"modified":"2021-02-24T14:28:22","modified_gmt":"2021-02-24T14:28:22","slug":"wirbelsaeulen-clearing","status":"publish","type":"page","link":"https:\/\/yvonnemosermettler.ch\/index.php\/wirbelsaeulen-clearing\/","title":{"rendered":"Wirbels\u00e4ulen-Clearing"},"content":{"rendered":"\n<p class=\"has-text-align-center\">Der Mensch wird unter anderem durch tief eingepr\u00e4gte Glaubensmuster und \u00dcberzeugungen beeinflusst. Diese wurden anerzogen, blindlings angenommen, gelehrt oder weitergegeben.<\/p>\n\n\n\n<p class=\"has-text-align-center\">Jeder Bereich der Wirbels\u00e4ule hat Bezug zu einem Thema des Lebens. Durch das Wirbels\u00e4ulen-Clearing k\u00f6nnen wir uns mit einfachen Fragen aus dem Leben bewusst werden, mit welch unglaublichen Mustern wir beeinflusst sind.<\/p>\n\n\n\n<p class=\"has-text-align-center\">Aufmerksam beobachten wir uns danach im Alltag. Wir lernen dabei, wachsam wieder Selbstverantwortung zu \u00fcbernehmen.<\/p>\n\n\n\n<p class=\"has-text-align-center\">F\u00fcr Leichtigkeit, Klarheit und Lebendigkeit.<\/p>\n","protected":false},"excerpt":{"rendered":"<p>Der Mensch wird unter anderem durch tief eingepr\u00e4gte Glaubensmuster und \u00dcberzeugungen beeinflusst. Diese wurden anerzogen, blindlings angenommen, gelehrt oder weitergegeben.&hellip;<\/p>\n","protected":false},"author":1,"featured_media":514,"parent":0,"menu_order":0,"comment_status":"closed","ping_status":"closed","template":"","meta":{"footnotes":""},"class_list":["post-71","page","type-page","status-publish","has-post-thumbnail","hentry"],"_links":{"self":[{"href":"https:\/\/yvonnemosermettler.ch\/index.php\/wp-json\/wp\/v2\/pages\/71","targetHints":{"allow":["GET"]}}],"collection":[{"href":"https:\/\/yvonnemosermettler.ch\/index.php\/wp-json\/wp\/v2\/pages"}],"about":[{"href":"https:\/\/yvonnemosermettler.ch\/index.php\/wp-json\/wp\/v2\/types\/page"}],"author":[{"embeddable":true,"href":"https:\/\/yvonnemosermettler.ch\/index.php\/wp-json\/wp\/v2\/users\/1"}],"replies":[{"embeddable":true,"href":"https:\/\/yvonnemosermettler.ch\/index.php\/wp-json\/wp\/v2\/comments?post=71"}],"version-history":[{"count":0,"href":"https:\/\/yvonnemosermettler.ch\/index.php\/wp-json\/wp\/v2\/pages\/71\/revisions"}],"wp:featuredmedia":[{"embeddable":true,"href":"https:\/\/yvonnemosermettler.ch\/index.php\/wp-json\/wp\/v2\/media\/514"}],"wp:attachment":[{"href":"https:\/\/yvonnemosermettler.ch\/index.php\/wp-json\/wp\/v2\/media?parent=71"}],"curies":[{"name":"wp","href":"https:\/\/api.w.org\/{rel}","templated":true}]}}